-109095) - k/(-7)) a composite number?
False
Let b(v) = v**3 + 4*v + 1065. Let d be b(0). Suppose -r = -0*r + 3, 2*r = -3*i + d. Suppose g + 70 - i = 4*o, 5*o = -g + 323. Is g prime?
False
Let g(y) = -6*y**3 - 3*y**2 - 9*y + 41. Let r be g(7). Is r/(4/(-16)*4) a prime number?
False
Suppose -5*a = 25, -926433 = -37*r + 35*r - a. Is r prime?
True
Let x = 58281 - 38512. Is x prime?
False
Let z(j) = -6*j**3 - j**2 - 6*j + 6. Let i be z(1). Let y be i/(-14)*(-2 - -2588). Suppose -4*a - 1937 = -3*p, -3*p - y = -5*p + a. Is p a prime number?
True
Let i(t) = 2*t**3 - 20*t**2 - 47*t + 5035. Is i(48) a composite number?
False
Let l be (-70)/(-21)*(-1485)/(-10). Let o = 928 + l. Is o composite?
False
Let y(g) = g**3 + 4*g**2 - 5*g - 1. Suppose -5*a = 0, -6*a + 2*a = -v - 5. Let f be y(v). Let o(p) = -1682*p - 4. Is o(f) a composite number?
True
Suppose 2*b + 137 = 163. Suppose -31*o + b*o + 76806 = 0. Is o prime?
False
Suppose -7*t + 3*t - 16 = 0, -3*y + 5*t - 238 = 0. Let f be y/(-5) + ((-6)/5 - -1). Is (7*f)/((-5 - -1) + 5) a prime number?
False
Suppose 0*a + 3*a = 0. Suppose 18*t - 17*t - 21629 = z, a = -2*t + 5*z + 43252. Is t prime?
False
Let n(g) = 381724*g**2 + 18*g + 1. Is n(1) a prime number?
False
Let l = 28397 - -70920. Is l a prime number?
True
Let b = -40 - -31. Let w(c) = -4*c**3 - 7*c**2 - 16*c + 3. Let z be w(b). Suppose -10 + 2 = 2*g, z = 4*n - g. Is n a prime number?
False
Suppose -38*s - 186 = 24*s. Let w(u) be the third derivative of 11*u**5/20 - u**4/12 - 2*u**2. Is w(s) prime?
False
Let k(h) be the third derivative of 17*h**4/12 - 13*h**3/6 - 12*h**2. Suppose 40*o - 36*o - 8 = 0. Is k(o) composite?
True
Suppose -5*i - 5*q = -32555, q + 32549 = 5*i + 3*q. Suppose 14*m = i + 42421. Suppose -4*p = p - m. Is p a prime number?
False
Let l(o) = 27*o**3 + 3*o**2 - 3*o. Let j be l(1). Suppose -j = -z - 2*z. Is (-2 + (-393)/4)/(z/(-36)) a prime number?
True
Let z = -69 + 33. Let a(n) = -5*n + 2. Let b be a(-16). Let k = z + b. Is k composite?
True
Suppose 2452 = 3*k + 4*x, -5*x + 12 = -2*x. Is 3 - (-24)/(-10) - k/(-5) a prime number?
True
Let x(c) be the first derivative of c**4/4 + 19*c**3/3 + 6*c**2 + 19*c - 103. Is x(-18) a composite number?
False
Suppose 49 = -4*q + 41. Let h(t) = -1488*t + 5. Is h(q) composite?
True
Suppose -35 + 15 = -5*a. Suppose -l - w - 2*w = -930, 5*l - a*w - 4650 = 0. Suppose 2*z + 4*s = 622, -4*z = -z + 5*s - l. Is z prime?
False
Let v be ((-84)/(-63))/(6/9). Suppose -4*r = v*h - 14470, h = 4*r + 8643 - 1402. Is h composite?
False
Suppose -4*a + 0 = 16, -5*g - 3*a = -18368. Suppose 28*d - 63960 + g = 0. Is d composite?
False
Is (1 - (-2)/(-6))/(1 + (-10208061)/10208079) prime?
False
Let t be ((-16)/(-24))/((-5)/(-30)). Suppose 809 = t*y - 4227. Is y a composite number?
False
Suppose 0 = 2*v - 5*r - 35, 0*v - r = -4*v + 43. Suppose v*p = -2*p + 8*p. Suppose 1312 = 5*y + w, p = 4*y - 5*y - 5*w + 272. Is y a prime number?
False
Let t = -598550 + 1104085. Is t prime?
False
Suppose 3520 = p - 496. Let v = p - 2865. Is v a prime number?
True
Is 2/34 + 5 + (-72151695)/(-187) prime?
True
Suppose 130*w - 5333742 = 76*w. Is w a composite number?
False
Suppose -l - 322*t + 317*t + 618643 = 0, 1855963 = 3*l - 2*t. Is l prime?
False
Let v(i) be the third derivative of -i**6/120 + 3*i**5/10 + 23*i**4/24 + 3*i**3/2 - 19*i**2 - i. Is v(10) a composite number?
False
Let u(y) = -y**3 - 12*y**2 - 10*y + 11. Let k(r) = r - 3. Let o be k(-8). Let l be u(o). Is 1442/21 + (l - (-3)/9) composite?
True
Let r = 1078999 + -151412. Is r a composite number?
False
Let l be (10 - 7)/(51/21 + -2). Suppose l*c - 1422 = 615. Is c prime?
False
Suppose 4*u - 5*u = 5. Let i(o) = 62*o**2 + 17*o - 1. Let m be i(u). Suppose -4756 = -4*k + m. Is k a composite number?
True
Suppose 6 = 2*h, 5704 = -3*o - 3*h + 15349. Let y = -2289 + o. Is y a composite number?
True
Let y be (3 + -3)*(3 - 15/6). Suppose -r + 7328 = 5*t - 2690, -4*r + 12 = y. Is t prime?
True
Let u = -43058 - -86911. Is u prime?
True
Suppose -3*z - 6*n = -2*n - 1853, -5*z + 3065 = -5*n. Is z/(-25)*(-5 + 0) prime?
False
Let c(j) = -j. Let i(m) = -2560*m + 111. Let o(d) = -2*c(d) + i(d). Is o(-4) a prime number?
True
Let s(q) = 99*q**2 - 51*q - 239. Is s(-29) composite?
False
Let l(c) = 2*c**2 + 10*c - 3. Let n be l(-7). Let v(i) = n*i**2 - 15*i**2 - 62*i + 48*i - 31. Is v(-7) a composite number?
False
Suppose -52*d + 48*d + 1629057 = 5*l, 5*d - 5*l - 2036400 = 0. Is d prime?
True
Suppose 0 = j - 1038 - 9864. Suppose 7*d + 1333 = j. Is -1 + (d - 4 - 1) a composite number?
False
Let t(k) = -1603*k + 212. Is t(-23) composite?
True
Suppose -4*i + 21 = 5. Let w(l) = 37*l**2 + l - 8. Let p be w(6). Suppose x + 2*x + 1661 = 5*z, -i*z = -3*x - p. Is z prime?
True
Let m(d) = d**3 - 7*d**2 + 6*d + 7. Suppose -2*j + 169 = 3*b, 5*j + 294 = 4*b + 84. Suppose 4*c - x - b = 0, 3*c = -5*x - 0*x + 24. Is m(c) a composite number?
True
Let k(c) = -15*c**3 + 12*c**2 + 24*c + 163. Is k(-6) composite?
False
Suppose -125*r + 142*r = 371671. Is r a composite number?
False
Suppose 8131556 = -160*l + 33596676. Is l composite?
False
Suppose -71*l + 42890405 = 14*l. Is l a composite number?
False
Let x(b) = 8*b + 21. Let m be x(-2). Let w(j) = 532*j**2 + 9*j - 98. Is w(m) a composite number?
True
Let k = 5856 - -7541. Is k composite?
False
Suppose 0 = -48*f + 45*f + 727962. Is f prime?
False
Suppose -9593*q = -9561*q - 8359136. Is q a composite number?
False
Suppose 1690205 = -7*b + 10*b + 2*p, 0 = 3*b + 3*p - 1690206. Is b composite?
False
Suppose 0 = -5*h - b + 679, -5*b = 4*h - 130 - 409. Suppose 11*u = 8*u - 3*r + 396, u - 3*r - h = 0. Is u prime?
False
Suppose 5501070 = 38*p + 52*p. Is p prime?
False
Suppose -6*x = -5*x - 496. Suppose -3*p = p - x. Suppose -162 = -2*w + p. Is w composite?
True
Let d(u) = -u**2 - 6*u + 11. Let l be d(-7). Suppose 9 = -0*f + 3*f - l*w, 4*f - 12 = w. Suppose 0 = -g + f*h + 746, 0*h - 752 = -g + h. Is g prime?
False
Let x = -513587 - -1026826. Is x a composite number?
False
Let v(g) = g**3 + 21*g**2 - 21*g + 20. Let l be v(-22). Is 16/32 + (-13545)/l composite?
True
Let d = 369 + 12. Suppose 7*a = 1270 - d. Is a composite?
False
Suppose 0 = -32*j + 976359 - 55367. Is j composite?
True
Let q be (-168)/(-147) + 654/(-21). Is -194*(4/(-12))/((-4)/q) prime?
False
Suppose 20 = 4*t - 9*t. Let v be 4 - -3 - (5 + (-9)/(-3)). Is v + t + 5 - 1*-717 composite?
True
Let b(i) = 2*i**2 + 9*i + 61. Let n = -24 + 4. Is b(n) a prime number?
False
Suppose 46520*j - 46547*j = -3300777. Is j composite?
False
Let c be 2 - (-4986 - 2 - 2). Suppose -33*q + 18906 = -39*q. Let j = q + c. Is j composite?
True
Let q(n) = -6569*n - 136. Let b be q(-5). Suppose 14*a + 5*s - 54515 = 9*a, 3*a - b = -4*s. Is a a prime number?
True
Suppose a + 72 = 64. Let v(i) = -3*i - 28. Let d be v(a). Is 641/((-2*d/8)/1) a composite number?
False
Suppose 37*d - 76*d = 47*d - 5812138. Is d a composite number?
True
Suppose -5*q - 2*f + 29 = 0, q - 3*q + f = -17. Suppose q*g + 5*g = 22668. Is g a prime number?
True
Let d(n) = 23*n**2 + 2*n - 12. Let g(y) be the third derivative of y**4/24 - y**3/6 - 21*y**2. Let b(r) = d(r) - 4*g(r). Is b(5) a composite number?
False
Let s(f) = 23888*f + 6365. Is s(12) a prime number?
True
Let l = 48873 - -170744. Is l composite?
True
Let s(m) = -6 + 14 - 33*m - 3 + 648*m**2 - 1. Is s(3) prime?
True
Suppose 292*w - 9554408 - 5592877 = 277*w. Is w a prime number?
True
Let p(t) = -10494*t**3 + 5*t**2 + 5*t. Let g be p(-1). Let d = g + -6967. Is d prime?
True
Let s be 5/40 + (-39711)/(-8). Let m = s + 6319. Is m prime?
False
Let n(f) = -16*f**3 + 7*f**2 + 16*f + 67. Is n(-8) a composite number?
True
Let s(a) = -14 + 20*a**2 - 7 + 9*a + 6*a**2 + 4*a**3 + 51 + 40. Is s(11) prime?
False
Let y = -68656 - -42453. Let k = -10154 - y. Is k composite?
True
Let v = 3304 - -114. Suppose -545848 + 37888 = -72*a. Let q = a - v. Is q a composite number?
False
Suppose 4*z = -r + 820243, -4*z - 28*r + 20*r = -820180. Is z a prime number?
True
Is ((-658)/188)/(14/(-65092)) prime?
True
Let u(h) = 22*h**2 - 5*h + 28. Let p(w) = -27 + 34 - 4*w + 30. Let j be p(8). Is u(j) a prime number?
False
Let z(t) = 8256*t**2 + 3*t + 19. Is z(-4) a composite number?
False
Suppose 7 = -4*f + 3*f. Suppose b + 13*z - 8*z - 4 = 0, 